{"id":527,"date":"2020-04-04T12:36:16","date_gmt":"2020-04-04T16:36:16","guid":{"rendered":"https:\/\/www.cincinnati.lulacohio.com\/?page_id=527"},"modified":"2020-04-04T12:36:16","modified_gmt":"2020-04-04T16:36:16","slug":"en-espanol","status":"publish","type":"page","link":"https:\/\/lulacohioeducational.foundation\/index.php\/en-espanol\/","title":{"rendered":"En Espa\u00f1ol"},"content":{"rendered":"\n<h4 class=\"wp-block-heading\">\u00bfQu\u00e9 es LULAC?<\/h4>\n\n\n\n<p>La Liga de Ciudadanos Latinoamericanos Unidos (LULAC) fue fundada en el a\u00f1o 1929 y es la organizaci\u00f3n de derechos civiles hispanos m\u00e1s antigua y m\u00e1s respetada en los Estados Unidos. LULAC se cre\u00f3 en respuesta al prejuicio, la discriminaci\u00f3n y la negaci\u00f3n de los derechos humanos y civiles b\u00e1sicos que los hispanos enfrentaban en ese momento, a pesar de su contribuci\u00f3n al crecimiento y poder de Estados Unidos.<\/p>\n\n\n\n<p>Los fundadores de LULAC establecieron con \u00e9xito una organizaci\u00f3n de base que permite a sus miembros tomar una posici\u00f3n y desarrollar programas de servicio a la comunidad que aborden directamente las necesidades de sus respectivas comunidades. Los cap\u00edtulos de LULAC en todos los Estados Unidos organizan campa\u00f1as de inscripci\u00f3n\/registro de votantes, sesiones de concientizaci\u00f3n sobre ciudadan\u00eda, ferias de salud y programas de tutor\u00eda, entre otros eventos que benefician a la poblaci\u00f3n hispana\/latina.<\/p>\n\n\n\n<h4 class=\"wp-block-heading\">Cont\u00e1ctanos<\/h4>\n\n\n\n<p>PO Box 19057<br>Cincinnati, OH 45219<br>lribera@lulac.org<\/p>\n\n\n\n<h4 class=\"wp-block-heading\">Vis\u00edtanos en Facebook<\/h4>\n\n\n\n<figure class=\"wp-block-image is-resized\"><a href=\"https:\/\/www.facebook.com\/lulaccincinnati\/\" target=\"_blank\" rel=\"noopener noreferrer\"><img loading=\"lazy\" decoding=\"async\" src=\"https:\/\/www.cincinnati.lulacohio.com\/wp-content\/uploads\/2020\/03\/crop-0-0-1764-594-0-follow-on-facebook.png\" alt=\"\" class=\"wp-image-528\" width=\"195\" height=\"66\"\/><\/a><\/figure>\n","protected":false},"excerpt":{"rendered":"<p>\u00bfQu\u00e9 es LULAC? La Liga de Ciudadanos Latinoamericanos Unidos (LULAC) fue fundada en el a\u00f1o 1929 y es la organizaci\u00f3n de derechos civiles hispanos m\u00e1s antigua y m\u00e1s respetada en los Estados Unidos. LULAC se cre\u00f3 en respuesta al prejuicio, la discriminaci\u00f3n y la negaci\u00f3n de los derechos humanos y civiles b\u00e1sicos que los hispanos [&hellip;]<\/p>\n","protected":false},"author":1,"featured_media":0,"parent":0,"menu_order":0,"comment_status":"closed","ping_status":"closed","template":"","meta":{"footnotes":""},"class_list":["post-527","page","type-page","status-publish","hentry"],"_links":{"self":[{"href":"https:\/\/lulacohioeducational.foundation\/index.php\/wp-json\/wp\/v2\/pages\/527","targetHints":{"allow":["GET"]}}],"collection":[{"href":"https:\/\/lulacohioeducational.foundation\/index.php\/wp-json\/wp\/v2\/pages"}],"about":[{"href":"https:\/\/lulacohioeducational.foundation\/index.php\/wp-json\/wp\/v2\/types\/page"}],"author":[{"embeddable":true,"href":"https:\/\/lulacohioeducational.foundation\/index.php\/wp-json\/wp\/v2\/users\/1"}],"replies":[{"embeddable":true,"href":"https:\/\/lulacohioeducational.foundation\/index.php\/wp-json\/wp\/v2\/comments?post=527"}],"version-history":[{"count":0,"href":"https:\/\/lulacohioeducational.foundation\/index.php\/wp-json\/wp\/v2\/pages\/527\/revisions"}],"wp:attachment":[{"href":"https:\/\/lulacohioeducational.foundation\/index.php\/wp-json\/wp\/v2\/media?parent=527"}],"curies":[{"name":"wp","href":"https:\/\/api.w.org\/{rel}","templated":true}]}}